4432 and 11744.
32
What is the highest common divisor of 465934 and 322?
322
Calculate the highest common divisor of 1020 and 1347420.
1020
Calculate the highest common factor of 5921 and 6876.
191
What is the highest common divisor of 8381 and 2601?
289
Calculate the greatest common divisor of 2650 and 645275.
1325
What is the greatest common divisor of 6285657 and 21?
21
What is the highest common factor of 8 and 49964?
4
Calculate the greatest common divisor of 7917 and 19929.
273
What is the highest common divisor of 113 and 4452652?
113
Calculate the greatest common divisor of 4833 and 486.
27
What is the greatest common divisor of 25296 and 1020?
204
Calculate the highest common factor of 575117 and 223.
223
What is the greatest common divisor of 2467379 and 939?
313
What is the greatest common divisor of 1440 and 3720?
120
What is the highest common factor of 66 and 43978?
22
What is the highest common divisor of 539961 and 513?
57
Calculate the greatest common factor of 1250622 and 612.
306
What is the greatest common factor of 1593 and 6254?
59
Calculate the highest common divisor of 256653 and 153.
9
What is the greatest common divisor of 96 and 706896?
48
What is the greatest common factor of 56 and 59080?
56
Calculate the highest common factor of 880 and 35.
5
Calculate the highest common factor of 5984 and 187.
187
What is the greatest common divisor of 491350 and 125?
25
What is the greatest common divisor of 762170 and 80?
10
Calculate the greatest common factor of 355593 and 531.
177
Calculate the greatest common factor of 216495 and 6792.
849
What is the greatest common divisor of 48 and 562?
2
What is the highest common divisor of 36686 and 748?
34
What is the highest common factor of 69344 and 616?
88
Calculate the greatest common factor of 9370594 and 626.
626
Calculate the greatest common divisor of 284058 and 72.
18
What is the greatest common factor of 205850 and 6325?
575
What is the highest common divisor of 40 and 194660?
20
What is the highest common divisor of 9 and 425187?
9
Calculate the greatest common factor of 3 and 437.
1
Calculate the highest common factor of 276 and 46161.
69
What is the greatest common factor of 18272 and 896?
32
What is the highest common divisor of 63599 and 1?
1
What is the highest common divisor of 650 and 286?
26
Calculate the highest common factor of 6624 and 450.
18
Calculate the greatest common divisor of 9928 and 11016.
136
What is the greatest common factor of 31311 and 98?
49
Calculate the highest common divisor of 43632 and 3024.
432
Calculate the greatest common divisor of 27001 and 32227.
871
What is the greatest common divisor of 414642 and 522?
174
What is the highest common divisor of 7588 and 140?
28
What is the highest common divisor of 1 and 219889?
1
Calculate the greatest common factor of 91 and 34076.
7
Calculate the greatest common factor of 160721 and 836.
209
What is the greatest common divisor of 253 and 12947?
11
What is the greatest common divisor of 968020 and 290?
290
What is the highest common factor of 48555 and 15?
15
What is the highest common divisor of 6496 and 2233?
203
What is the greatest common divisor of 2656 and 236?
4
Calculate the highest common divisor of 126877 and 142.
71
Calculate the greatest common factor of 727031 and 193.
193
Calculate the greatest common divisor of 2319694 and 338.
338
What is the greatest common factor of 8127 and 14931?
189
Calculate the greatest common divisor of 4665 and 5909.
311
What is the highest common factor of 153 and 256547?
17
Calculate the greatest common divisor of 397232 and 21978.
814
Calculate the greatest common factor of 44793 and 7371.
567
What is the greatest common divisor of 6 and 134906?
2
Calculate the highest common divisor of 148456 and 112.
56
What is the greatest common factor of 17856 and 252?
36
What is the greatest common divisor of 20 and 28580?
20
What is the greatest common divisor of 4331 and 1136?
71
Calculate the greatest common factor of 15504 and 71944.
136
Calculate the highest common divisor of 7332 and 1469.
13
What is the highest common divisor of 77 and 2771725?
11
What is the greatest common factor of 341 and 470899?
11
Calculate the greatest common divisor of 252096 and 576.
192
What is the greatest common divisor of 7980 and 72555?
105
What is the highest common divisor of 15352 and 21128?
152
What is the greatest common factor of 2186073 and 13185?
2637
What is the highest common divisor of 125098 and 2?
2
Calculate the highest common factor of 50540 and 3705.
95
What is the greatest common factor of 9265251 and 46?
23
What is the highest common factor of 615 and 352190?
205
Calculate the highest common divisor of 160 and 35445.
5
Calculate the greatest common factor of 1054 and 57766.
34
What is the highest common divisor of 72518 and 2626?
202
Calculate the highest common factor of 167922 and 342.
342
Calculate the highest common factor of 4520878 and 17.
17
What is the greatest common factor of 171 and 132031?
19
Calculate the highest common divisor of 332 and 1396.
4
Calculate the greatest common factor of 197531 and 212.
53
What is the highest common factor of 42 and 155022?
42
Calculate the greatest common divisor of 550 and 728090.
110
Calculate the highest common divisor of 1155 and 2121.
21
What is the greatest common factor of 219915 and 1890?
135
What is the greatest common factor of 30337 and 253?
23
What is the highest common divisor of 34 and 2006085?
17
Calculate the highest common factor of 72 and 58716.
36
What is the highest common factor of 11919 and 870?
87
What is the greatest common divisor of 4223939 and 34?
17
Calculate the highest common divisor of 210 and 245420.
70
What is the greatest common divisor of 42 and 13326?
6
What is the highest common factor of 1413 and 216817?
157
Calculate the highest common factor of 29628 and 126.
18
What is the greatest common divisor of 65 and 15535?
65
Calculate the greatest common factor of 62335 and 7735.
455
Calculate the highest common factor of 234 and 1724931.
117
What is the greatest common divisor of 8754163 and 814?
407
What is the greatest common factor of 789907 and 412?
103
What is the greatest common divisor of 53632 and 256?
128
Calculate the highest common factor of 120 and 292440.
120
Calculate the highest common factor of 884 and 26078.
442
What is the highest common divisor of 609 and 50344?
203
Calculate the greatest common divisor of 53577 and 9.
9
What is the highest common divisor of 343 and 16562?
49
What is the highest common divisor of 8640 and 13120?
320
Calculate the highest common factor of 12869 and 187.
17
What is the highest common factor of 3 and 23736?
3
What is the greatest common divisor of 70 and 461125?
35
What is the greatest common divisor of 394 and 827006?
394
What is the greatest common factor of 228 and 496850?
38
What is the greatest common factor of 21774 and 509970?
1146
What is the highest common factor of 76 and 28861?
19
What is the highest common factor of 2590 and 890?
10
Calculate the greatest common divisor of 4234 and 5307.
29
What is the greatest common factor of 1075 and 18825?
25
Calculate the highest common factor of 34 and 133637.
17
Calculate the greatest common factor of 496 and 373424.
16
What is the greatest common factor of 19800 and 16650?
450
Calculate the greatest common divisor of 3 and 167418.
3
Calculate the greatest common divisor of 42449 and 3178.
227
What is the highest common factor of 581273 and 154?
77
Calculate the highest common divisor of 28696 and 432.
8
Calculate the greatest common divisor of 26541 and 71759.
983
Calculate the highest common factor of 1685 and 1060.
5
What is the highest common divisor of 513 and 9363789?
513
What is the highest common divisor of 12948 and 298800?
996
What is the greatest common divisor of 3478 and 534202?
94
What is the highest common factor of 59127 and 3?
3
What is the highest common factor of 1110 and 130?
10
Calculate the greatest common factor of 103447 and 235.
47
What is the highest common factor of 814 and 44067?
37
What is the highest common divisor of 11106 and 5058?
18
Calculate the greatest common factor of 152845 and 308.
77
Calculate the greatest common factor of 4980 and 3240